Let f = m - 37. What is the units digit of f?
5
Let t = -7 + 11. Suppose -t*w + 5*w = 48. What is the tens digit of w?
4
Suppose -7 - 11 = -v. Let j be 20/((33/v)/11). Suppose -9*l = -14*l + j. What is the tens digit of l?
2
Suppose 4*q = -0*q + 252. Let c = 43 - q. Let v = -2 - c. What is the units digit of v?
8
Let n(m) = 3*m**2 - 21*m - 7. Let t be n(9). What is the tens digit of (-1 + 0)/((-1)/t)?
4
Let r = 25 - -64. Suppose a + 59 = y, -y + 0*y - 5*a = -r. What is the units digit of (2/(-4))/((-2)/y)?
6
Let g(o) = 4*o - 13. Let v be g(8). Let n = 24 - v. Suppose 2*s - 2 = -n*m - 0, 2*s + 16 = 4*m. What is the units digit of m?
2
Suppose 0 = 3*z - 650 - 55. Suppose 17*i - z = 37. What is the units digit of i?
6
Suppose 25*u = 48*u - 60651. What is the thousands digit of u?
2
Let g = -5 - -8. Let y(l) = 0*l**2 + l**3 - 2*l**2 + g*l**2 + 74 + 0*l**2. What is the tens digit of y(0)?
7
Suppose -3*i + 2*i = -s, -2*s - 24 = 4*i. Let r(t) = -t**3 - 4*t**2 - 2*t. What is the units digit of r(i)?
8
Let t = 3 + 29. Let z = 35 - t. Suppose 0 = 5*d - 5*y - 320, -z*d + y = -3*y - 188. What is the tens digit of d?
6
Let a = -53 - -78. Suppose -a*k + 20*k + 1125 = 0. What is the tens digit of k?
2
Let y be 4/16 - 1398/24. Let n = y + 124. What is the tens digit of n?
6
Suppose -4*w + 2*h + 44 = -0*h, w = -h + 14. Suppose -i + 6*o = o + 30, 25 = 5*o. Let f = w + i. What is the units digit of f?
7
Let d = 73 + 13. Suppose -2*g - 2*g = 2*i - d, -i = g - 43. What is the units digit of i?
3
Let z = -34 + 35. What is the tens digit of ((-3)/(-4))/(z/20)?
1
Suppose -4*u + 4*g = -688, 0*g + 335 = 2*u + g. What is the units digit of u/3 - 8/(-12)*1?
7
Suppose 11024 + 32906 = 23*n. What is the thousands digit of n?
1
Suppose -y - 3*y + 8 = 0. Let x = 4 - y. Suppose x*p = -2*p + 128. What is the tens digit of p?
3
What is the tens digit of ((-1)/2)/(2/(-2924))?
3
Let u be 4/(-22) + (-600)/(-33). Let o(h) = -h**3 + 18*h**2 + 9*h + 18. What is the hundreds digit of o(u)?
1
Let r(f) be the third derivative of f**4/8 - f**3/6 + f**2. Let h be (-26)/(-4) + 3/(-6). What is the tens digit of r(h)?
1
Let i be 2 - 5 - -4 - -2. Suppose s - 4 = -o, -i*o + 11 = 4*s - 1. Suppose 8 = 2*v - s*v. What is the units digit of v?
4
Suppose 0 = -4*x + 5*q + 53, -x - 8 = -5*q - 40. Suppose -x*d = -0*d - 882. What is the hundreds digit of d?
1
Suppose 0*l = 2*l - 6. Let c be ((-3)/(-3))/((-1)/l). What is the units digit of c/(-7) + 137/7?
0
Let i = 5 + 10. What is the tens digit of (-187)/(-5) - 6/i?
3
Suppose -l = -4*l, 5*q + 5*l - 5 = 0. What is the units digit of (27 - q)*(-3)/(-2)?
9
Let q = 3502 + -2461. What is the units digit of q?
1
Suppose -4*l + 7*j = 6*j - 30, -4*l + 28 = -2*j. Suppose -l*t + 1200 = -3*t. What is the units digit of t?
0
Let v = 74 + -18. What is the units digit of v?
6
Let o(r) = -r**2 + 17*r + 25. What is the units digit of o(13)?
7
What is the thousands digit of ((-224)/42)/(877/(-438) + 2)?
2
Let s(x) = x**3 - 11*x**2 - 26*x + 2. Let h be s(13). Suppose -3*y - 2*j - 3*j + 139 = 0, -2*y + 94 = h*j. What is the tens digit of y?
4
What is the units digit of ((-4752)/110)/(6/(-20))?
4
Let m be (1 + 1 - -1)*(5 - 6). What is the tens digit of (153/(-68))/(m/272)?
0
Let y(t) = -t**3 + t**2 + t. Let p be y(1). Suppose 2*q - 13 = -p. What is the tens digit of ((-36)/q)/(4/(-10))?
1
Let p(r) = -r**2 + 5*r + 8. Let v be p(6). Suppose -z - v = 2*k, -z = -3*z - 4. Suppose 2*f + f - 87 = k. What is the units digit of f?
9
Suppose -n - 285 = h, -2*n - 146 = 4*h + 984. What is the units digit of 5/15 + h/(-6)?
7
Let g(q) = 138*q**2 - 4*q - 9. What is the hundreds digit of g(-2)?
5
Suppose 3*k - 2*k + 2*a = 6, 2*a - 12 = -2*k. Suppose k*g = 37 + 455. What is the tens digit of g?
8
Let a = -26 - -72. Suppose -12*j + 11*j + a = 0. What is the units digit of j?
6
Let x = 7 + -2. Let f be (-1044)/(-48) + ((-45)/(-12))/(-5). Suppose 166 = x*m + f. What is the tens digit of m?
2
Suppose 11*x = 6*x. Suppose x = -3*m - 5*n + 393, -4*m - 2*n = m - 655. What is the tens digit of m?
3
Let d(z) = -36*z + 1. Let o(t) = t**3 - 15*t**2 + 14*t - 3. Let x be o(14). What is the units digit of d(x)?
9
Suppose -8 - 4 = -2*j. Let v(d) = d**2 + 5*d + 19. Let a be v(j). Let c = a + -36. What is the tens digit of c?
4
Let g = -93 - -35. Let o = g - -63. What is the units digit of o?
5
What is the tens digit of (-4 + -88)*245/(-10)?
5
Let i = 2238 - 1290. What is the tens digit of i?
4
Let f be ((-705)/(-30))/(1 + (-1)/2). Suppose -f = i - 80. What is the units digit of i?
3
Suppose 0 = -5*x + 299 + 236. Suppose -4*n + 1 = -x. What is the units digit of n?
7
Let x be 190/(-2) + -3 + 0. What is the units digit of ((-144)/14)/(21/x)?
8
Let w = 1 - -4. Suppose -b + w*c + 53 = 0, 4*b - 2*c - 112 - 118 = 0. Suppose 0*n = 2*n - b. What is the tens digit of n?
2
Let c = 32 + -32. Suppose -5*w + 2*v + 742 = 0, -4*v = -5*w - c*v + 734. What is the units digit of w?
0
Let s(v) = 2*v - 18. Let y be s(10). Suppose -y*b = -8*b + 390. What is the tens digit of b?
6
What is the units digit of -5 - (9/(-27))/(1/2799)?
8
Suppose 3*t - d = -2*d - 237, 3*d - 69 = t. What is the tens digit of 12/(-15)*(t + -2)?
6
Suppose -5 = 4*i + 3. What is the tens digit of 11 + (i - -6) - 4?
1
Suppose -25*c = -19*c - 3090. What is the units digit of c?
5
Let y(t) = -t**3 + 8*t**2 + 12*t - 2. Let j = -5 - -14. Let m be y(j). Suppose -4*q + m = -3. What is the units digit of q?
7
Suppose 0 = -p + 3*p - 4*w - 12, 0 = 2*p + w - 27. Let q be 4/(p/(-15)) - -1. Let l(k) = k**2 + 3*k. What is the units digit of l(q)?
4
What is the tens digit of (-939)/4*172/(-129)?
1
Suppose 3*x = -28 + 16. Let h(d) = -d**2 - 11*d - 5. What is the units digit of h(x)?
3
Suppose -s + x + 28 = -4*x, -7 = s + 2*x. Suppose -4*m = -s*u - 51, 0 = -3*u - 3. What is the units digit of m?
2
Let b = -4 + -6. Let l = b - -10. Suppose l = -4*f + 164 + 12. What is the tens digit of f?
4
Let u = 485 + -287. What is the units digit of -1*(u + -6)*(-3)/4?
4
Let t(y) = -3*y - 24. Let f be t(-9). Suppose -s + 2*s + 4*o - 140 = 0, f*s + 4*o - 396 = 0. What is the tens digit of s?
2
Let q = -3 - -2. Let s be 169 + (3 - 7) + q. Suppose 123 = -3*m + 6*m + 5*y, -4*m + 3*y = -s. What is the units digit of m?
1
Suppose 0 = -3*a + 6*a - 15. Suppose 165 = -5*k - 0*k. What is the units digit of k/((a + -3)/(-2))?
3
Let i = -2556 + 6059. What is the tens digit of i?
0
Let w(i) = i**2 - 19*i + 32. Let y(r) = -4*r + 32. Let s be y(3). What is the units digit of w(s)?
2
Let l = 26 - 23. What is the tens digit of -2 - (-53 - (0 - 2) - l)?
5
Let k(r) = 42*r**2 - 18*r + 10. What is the thousands digit of k(-6)?
1
Let u(a) = -a + 2. Let y be u(0). Suppose 4*b + 207 = y*p + b, -2*b = 2*p - 212. What is the units digit of p?
5
Let t = -102 - -97. Let b = 104 - 71. Let i = b + t. What is the tens digit of i?
2
Let h be (-5 - (-12)/4) + -53. Let g = 45 + -72. Let v = g - h. What is the units digit of v?
8
Suppose -4*t = -3*q + q - 2626, -3*t = -2*q - 1969. What is the units digit of t?
7
Let w(p) = -4*p - 6. Suppose 0 = 5*h + t + 29, -t + 4 = 3*t. What is the tens digit of w(h)?
1
Suppose 10*b = 5*b + 780. Suppose 0 = 5*f - 0*f + 5*u - 390, 2*f = -4*u + b. What is the units digit of f?
8
Let i(r) be the first derivative of 2*r**3/3 + 2*r**2 + 3*r - 7. Let v be i(-2). Suppose -v - 20 = -c. What is the units digit of c?
3
Suppose -3*p + 1063 = 3*y - 527, -4*y = 3*p - 1595. What is the hundreds digit of p?
5
Let t = -13 - -17. Suppose -n = -t*n + 12. Let f(u) = 2*u**3 - 6*u**2 + u. What is the units digit of f(n)?
6
Let b(s) be the first derivative of -13*s**2/2 + 4*s + 8. What is the units digit of b(-4)?
6
Let b = -44 + 52. Suppose -3*a - 345 = -b*a. What is the tens digit of a?
6
Suppose 1 = 2*m + 4*q - 17, -2*q + 19 = 3*m. Suppose 0*f + f - 32 = -4*k, 0 = 3*k - 5*f - 24. Suppose -m*t + 27 + k = 0. What is the units digit of t?
7
Suppose p + 3 = 2*p. Suppose -38 = -2*o + i, -2*i - p = -o + 16. What is the tens digit of o?
1
Let f(g) = -g**3 - 18*g**2 + 98*g + 22. What is the tens digit of f(-24)?
2
Let s = 6 - 5. What is the units digit of 48 - -2 - (-2 - s)?
3
Let c(g) = g**3 - g**2 + g + 20. Let u be c(0). Let d(q) = 4*q - 4. What is the tens digit of d(u)?
7
Let z(y) = -y**3 - 10*y**2 -